{"id":198,"date":"2019-02-17T19:57:36","date_gmt":"2019-02-17T18:57:36","guid":{"rendered":"http:\/\/www.leckel.de\/www.leckel.de\/?page_id=198"},"modified":"2020-03-28T20:47:40","modified_gmt":"2020-03-28T19:47:40","slug":"seq4750-19","status":"publish","type":"page","link":"https:\/\/www.leckel.de\/de\/devices\/seq4750-19\/","title":{"rendered":"SEQ47\/50-RV 19&#8243;"},"content":{"rendered":"<p><\/p>\n<ul>\n<li><img loading=\"lazy\" class=\"size-medium wp-image-527 alignright\" src=\"http:\/\/www.leckel.de\/wp-content\/uploads\/2019\/02\/seq47-50-19-225x300.png\" alt=\"\" width=\"225\" height=\"300\" srcset=\"https:\/\/www.leckel.de\/wp-content\/uploads\/2019\/02\/seq47-50-19-225x300.png 225w, https:\/\/www.leckel.de\/wp-content\/uploads\/2019\/02\/seq47-50-19.png 230w\" sizes=\"(max-width: 225px) 100vw, 225px\" \/>PM10\/PM2,5-Standard-Referenz-Probenahmeger\u00e4t gem\u00e4\u00df<br \/>\nCEN EN 12341<\/li>\n<li>19&#8243;-Geh\u00e4use f\u00fcr den Einbau in Messstationen<\/li>\n<li>Probenahmesystem mit Schutzluft bis zu 3m L\u00e4nge<\/li>\n<li>Abgedeckte Filter innerhalb des Magazines f\u00fcr bestaubte Filter<\/li>\n<li>Temperaturmessung direkt unter dem aktuell bestaubten Filter<\/li>\n<li>Referenz- Probenahmeger\u00e4t f\u00fcr die Messung von Schwermetallen gem\u00e4\u00df VDI 2267 und CEN EN 14902<\/li>\n<li>Impaktor-Probenahmekopf mit Scrubber f\u00fcr die Messung von PAK (BaP) gem\u00e4\u00df CEN EN 15549<\/li>\n<li>TSP-Probenahmekopf gem\u00e4\u00df VDI 2463 Bl\u00e4tter 5 und 8<\/li>\n<li>Einsatz von Filtern mit Durchmessern von 47mm<br \/>\nsowie 47 und 50mm<\/li>\n<li>Bayern-Hessen-Protokoll<\/li>\n<li>Datenspeicherung auf USB-Stick<\/li>\n<li>Option: GSM-Modem mit SMS auf smartphone<\/li>\n<li>Option: Cloudbox<\/li>\n<li>Option: Fernbedienung\u00a0 <a href=\"http:\/\/www.leckel-cloud.de\">www.leckel-cloud.de<\/a><\/li>\n<\/ul>\n<p><\/p>","protected":false},"excerpt":{"rendered":"<p>PM10\/PM2,5-Standard-Referenz-Probenahmeger\u00e4t gem\u00e4\u00df CEN EN 12341 19&#8243;-Geh\u00e4use f\u00fcr den Einbau in Messstationen Probenahmesystem mit Schutzluft bis zu 3m L\u00e4nge Abgedeckte Filter innerhalb des Magazines f\u00fcr bestaubte Filter Temperaturmessung direkt unter dem aktuell bestaubten Filter Referenz- Probenahmeger\u00e4t f\u00fcr die Messung von Schwermetallen gem\u00e4\u00df VDI 2267 und CEN EN 14902 Impaktor-Probenahmekopf mit Scrubber f\u00fcr die Messung von PAK &hellip; <\/p>\n<p class=\"link-more\"><a href=\"https:\/\/www.leckel.de\/de\/devices\/seq4750-19\/\" class=\"more-link\"><span class=\"screen-reader-text\">\u201eSEQ47\/50-RV 19&#8243;\u201c<\/span> weiterlesen<\/a><\/p>\n","protected":false},"author":1,"featured_media":0,"parent":49,"menu_order":0,"comment_status":"closed","ping_status":"closed","template":"","meta":[],"_links":{"self":[{"href":"https:\/\/www.leckel.de\/de\/wp-json\/wp\/v2\/pages\/198"}],"collection":[{"href":"https:\/\/www.leckel.de\/de\/wp-json\/wp\/v2\/pages"}],"about":[{"href":"https:\/\/www.leckel.de\/de\/wp-json\/wp\/v2\/types\/page"}],"author":[{"embeddable":true,"href":"https:\/\/www.leckel.de\/de\/wp-json\/wp\/v2\/users\/1"}],"replies":[{"embeddable":true,"href":"https:\/\/www.leckel.de\/de\/wp-json\/wp\/v2\/comments?post=198"}],"version-history":[{"count":34,"href":"https:\/\/www.leckel.de\/de\/wp-json\/wp\/v2\/pages\/198\/revisions"}],"predecessor-version":[{"id":1896,"href":"https:\/\/www.leckel.de\/de\/wp-json\/wp\/v2\/pages\/198\/revisions\/1896"}],"up":[{"embeddable":true,"href":"https:\/\/www.leckel.de\/de\/wp-json\/wp\/v2\/pages\/49"}],"wp:attachment":[{"href":"https:\/\/www.leckel.de\/de\/wp-json\/wp\/v2\/media?parent=198"}],"curies":[{"name":"wp","href":"https:\/\/api.w.org\/{rel}","templated":true}]}}

<p></p>
<ul>
<li><img loading="lazy" class="size-medium wp-image-527 alignright" src="http://www.leckel.de/wp-content/uploads/2019/02/seq47-50-19-225x300.png" alt="" width="225" height="300" srcset="https://www.leckel.de/wp-content/uploads/2019/02/seq47-50-19-225x300.png 225w, https://www.leckel.de/wp-content/uploads/2019/02/seq47-50-19.png 230w" sizes="(max-width: 225px) 100vw, 225px" />PM10/PM2,5-Standard-Referenz-Probenahmegerät gemäß<br />
CEN EN 12341</li>
<li>19&#8243;-Gehäuse für den Einbau in Messstationen</li>
<li>Probenahmesystem mit Schutzluft bis zu 3m Länge</li>
<li>Abgedeckte Filter innerhalb des Magazines für bestaubte Filter</li>
<li>Temperaturmessung direkt unter dem aktuell bestaubten Filter</li>
<li>Referenz- Probenahmegerät für die Messung von Schwermetallen gemäß VDI 2267 und CEN EN 14902</li>
<li>Impaktor-Probenahmekopf mit Scrubber für die Messung von PAK (BaP) gemäß CEN EN 15549</li>
<li>TSP-Probenahmekopf gemäß VDI 2463 Blätter 5 und 8</li>
<li>Einsatz von Filtern mit Durchmessern von 47mm<br />
sowie 47 und 50mm</li>
<li>Bayern-Hessen-Protokoll</li>
<li>Datenspeicherung auf USB-Stick</li>
<li>Option: GSM-Modem mit SMS auf smartphone</li>
<li>Option: Cloudbox</li>
<li>Option: Fernbedienung  <a href="http://www.leckel-cloud.de">www.leckel-cloud.de</a></li>
</ul>
<p></p>

<p>PM10/PM2,5-Standard-Referenz-Probenahmegerät gemäß CEN EN 12341 19&#8243;-Gehäuse für den Einbau in Messstationen Probenahmesystem mit Schutzluft bis zu 3m Länge Abgedeckte Filter innerhalb des Magazines für bestaubte Filter Temperaturmessung direkt unter dem aktuell bestaubten Filter Referenz- Probenahmegerät für die Messung von Schwermetallen gemäß VDI 2267 und CEN EN 14902 Impaktor-Probenahmekopf mit Scrubber für die Messung von PAK &hellip; </p>
<p class="link-more"><a href="https://www.leckel.de/de/devices/seq4750-19/" class="more-link"><span class="screen-reader-text">„SEQ47/50-RV 19&#8243;“</span> weiterlesen</a></p>
